(x) = 3*x**2 + 23*x - 74. Let a be q(-19). Calculate the highest common factor of a and 715.
143
Let u = -996 - -1589. Suppose 0 = 21*r + 47 - u. Let f(n) = 23*n - 8. Let d be f(6). What is the highest common divisor of r and d?
26
Suppose -231*f = -228*f - 12. Let o be 63*(-13)/((-364)/48). What is the highest common factor of o and f?
4
Suppose 0 = 2*b - 4*b + 1026. Suppose -5*n + b = 13. Let m = n + -55. Calculate the highest common factor of 18 and m.
9
Let y = -1739 + 1743. Calculate the highest common divisor of 68 and y.
4
Let k = 12 - 9. Suppose z = 3*b + 39, k*z + 0*b - 137 = 5*b. Let p(n) = n**3 + 97*n - 416. Let c be p(4). What is the greatest common factor of z and c?
18
Let w(i) = -13*i**3 + 154*i**2 + 24*i + 7. Let b be w(12). Suppose 9 = -b*k + 79. What is the highest common divisor of 40 and k?
10
Let g be 50/(-10) + (-2464)/(-1 + -3). Calculate the highest common divisor of g and 188.
47
Let f = 171 + 74. Suppose -9*n + f + 259 = 0. Calculate the greatest common divisor of n and 350.
14
Suppose 8*a = 5*o + 3*a - 560, -a - 332 = -3*o. Let f(p) = -10*p**2 - 351*p + 31. Let l be f(-35). What is the highest common factor of l and o?
22
Let l(h) = h**2 - 2*h - 13. Let y be (-24)/96 - 42/(-8). Let m be l(y). Let g be m/4 - 1*(-201)/6. What is the highest common divisor of 306 and g?
34
Suppose -12*m + 4*p = -8*m - 1692, -4*m + 1692 = 5*p. Calculate the highest common divisor of m and 27.
9
Let d(t) = -t**2 + 12*t - 7. Let w be d(-7). Let o = w + 200. What is the greatest common factor of 42 and o?
6
Let x(d) = -d**3 + 33*d**2 + 2*d - 58. Let m be x(33). Let i(n) = -23*n - 3. Let v be i(4). Let p = -55 - v. Calculate the greatest common factor of m and p.
8
Let a = -44 - -54. Suppose -t = a*t - 253. Let c = 529 + -368. What is the highest common divisor of t and c?
23
Let z be (72/3)/((-9)/(-174)). Suppose -4*n + z = 4*n. Let f = n - 28. What is the highest common factor of f and 12?
6
Let h be (7/2)/(25/50). Let l be 2*39 + (-56)/h. Calculate the greatest common divisor of l and 56.
14
Let p(m) = -29*m + 24. Let t(g) = 25*g - 26. Let o(q) = 4*p(q) + 5*t(q). Let j be o(6). Calculate the highest common divisor of 340 and j.
20
Let s(c) = 11756*c**2 + 13*c - 9. Let d be s(1). What is the greatest common divisor of d and 12?
12
Suppose 11*m - 13 = -5*s + 8*m, -1 = -s + m. Let i be -2 + s + 168 + -6. What is the highest common divisor of 6 and i?
6
Let s be (4/4*5 - 492) + -3. Let j be -6 + s/(-2) + -7. Calculate the highest common divisor of 29 and j.
29
Let u be (-7)/3*(-5 - (-2 - 6)). Let v be (-5 - (u - -2))/(-3). Suppose v = 5*d - 13 - 92. What is the highest common factor of d and 105?
21
Suppose 61*b - 60*b - 24 = 0. Suppose -5*v = -15*v + 720. Calculate the highest common factor of v and b.
24
Let s be -68*(-6 + 21/4). Calculate the highest common factor of s and 1037.
17
Let q be 318/14 - 6/(-21). Let g = q + 77. Let d be (9/(-27))/(3/(-225)). Calculate the highest common factor of g and d.
25
Let v be ((-4176)/(-203))/((-24)/(-280)). Calculate the greatest common factor of v and 675.
15
Let k be 273/5 + 18/45. Suppose v - 3*v = -8. Suppose -3*j - 59 = -v*h, 0 = -4*h + 3*h + 5*j + 36. What is the highest common divisor of k and h?
11
Let c be 46*1 + (-19 - -22). Let b be c/(-8)*-2 - 66/264. Calculate the highest common divisor of 36 and b.
12
Let c(s) = -s**3 - 24*s**2 - 85*s - 2606. Let w be c(-28). What is the greatest common factor of 54 and w?
6
Let d be 6 + -5 - 1/(2/(-782)). Suppose 49 = 3*o + 5*r, 4*o - r - 57 = -6*r. What is the highest common divisor of o and d?
8
Let f = 204 - 204. Suppose 2*r - 5*w - 6 = f, -7*r + 4*r + 4*w + 23 = 0. Suppose 0*a - 117 = -a. Calculate the highest common factor of a and r.
13
Let t = 8786 - 6402. Calculate the highest common divisor of 128 and t.
16
Suppose -3580 = -13*q + 18*q - s, -5*q - 4*s = 3580. Let a = 807 + q. What is the greatest common factor of a and 26?
13
Let q be (-2 - -3)/((-1)/(-2)). Suppose -6*j = -5*j - q. Suppose 0*b + b = c + 30, j*c + 34 = b. What is the greatest common divisor of 156 and b?
26
Let n = 98 - 48. Suppose -53*r = -n*r. Suppose 2*c - 73 - 77 = r. What is the highest common factor of c and 30?
15
Suppose -d = 3*j - 8, -12 = -5*d + 4*j + 9. Suppose -3*x = -x - 3*o + 4, 0 = -d*x + 5*o. Calculate the highest common divisor of x and 100.
4
Let j(x) = 36*x - 343*x**2 - 2*x**3 + 325*x**2 + 0*x + 3*x**3. Let l be j(17). Calculate the highest common factor of 34 and l.
17
Let u be (5 - 225/(-18))*(-3)/((-15)/22). Calculate the highest common divisor of 1507 and u.
11
Let y(w) = -w**2 + 23*w - 49. Let l be y(16). Suppose -68*b + 2744 = -19*b. What is the greatest common factor of l and b?
7
Suppose 4*a - 3 + 7 = 0. Let w be 14/(-21) + a/3. Let p be (-6 - 144)/(2/w). Calculate the greatest common factor of 50 and p.
25
Suppose 2*g + 2*r = -0*r + 222, -5 = r. Let c = -116 + g. Suppose 4*n - b = 19, -4*n + c*b = -4*b - 28. What is the greatest common divisor of 2 and n?
2
Let k(g) = -43*g - 1055. Let p be k(-45). What is the greatest common factor of p and 200?
40
Let w = 11484 - 10638. What is the highest common factor of w and 376?
94
Let l = 8562 + -8474. What is the highest common factor of 1012 and l?
44
Let g be (-160)/48*297/(-15). Suppose 18*n = 15*n + g. Calculate the highest common divisor of n and 770.
22
Let l = -119 + 121. Suppose -l*f = -295 - 231. Suppose -3*i + 3*t + 603 = 0, i = -4*t - 47 + f. What is the highest common divisor of i and 34?
34
Suppose -94 = -5*c - 4*r, 7*r = 3*r + 4. Let x = c - -36. Calculate the greatest common divisor of 459 and x.
27
Suppose 2*d = -2*d - 4*g + 32, 4*d - g - 42 = 0. Suppose 12*f = 3*k + 15*f - 15, -d = -3*k + 2*f. What is the greatest common factor of 108 and k?
4
Let b be (577 + -357)*(-8)/(-5). What is the highest common factor of b and 407?
11
Suppose 483 = -41*k + 42*k - 4*l, l + 5 = 0. Let n = k + -253. What is the highest common divisor of 70 and n?
70
Let p(o) = 2*o**3 + 17*o - 16. Let j be p(4). Let v be 3/(-2)*12/(-18). Suppose 0 = b - v - 19. Calculate the greatest common divisor of b and j.
20
Let b(k) = -2*k**2 + 31*k - 66. Let u be b(12). Calculate the greatest common divisor of u and 6.
6
Let n be ((-1)/(-2))/(17/(-34)). Let s be 36 + -9 + (n - -4). Suppose s*a + 1060 = 32*a. Calculate the highest common divisor of 53 and a.
53
Suppose 2*y - 238 = y. Suppose -5*a + 3*l + 13 = 714, 3*a - 2*l + 420 = 0. Let x = y + a. Calculate the greatest common divisor of x and 12.
12
Let n(u) = -4*u**2 - 7*u - 3. Let y be n(-3). Let j(o) = o**3 + 17*o**2 - 23*o + 36. Let v be j(y). Calculate the greatest common divisor of 18 and v.
18
Let m(r) = 3*r + 9. Let x be m(-8). Suppose -5*s - 3*f + 198 = 45, -5*f = 20. Let p = s - x. Calculate the highest common factor of p and 32.
16
Let i = 1741 - 485. Let h = i + -554. Calculate the highest common divisor of h and 54.
54
Let r = 41 - 19. Let o = 160 - 156. Suppose -2*l + 5*f = -215, -o*l - 2*f + 176 = -266. What is the greatest common divisor of r and l?
22
Let v be 4/14 + 144/84. Suppose 3*p - 745 = z, -479 - 511 = -4*p + v*z. What is the highest common divisor of p and 10?
10
Let m be (-220)/(-132) + 2 + 16718/6. Calculate the highest common divisor of m and 62.
62
Suppose 4*u = 10*s + 344, 372 = -37*u + 41*u - 3*s. Let t = -73 + 105. What is the greatest common factor of t and u?
32
Let t = 14439 - 14367. Calculate the highest common factor of t and 1864.
8
Let z(f) = -2*f - 69. Let g be z(-38). Suppose -13*x = -g*x - 126. What is the highest common divisor of 3 and x?
3
Let f be (1 - (-4 - 0))/(-1). Let g be (-56)/f - -1*1/(-5). Suppose 8*h = 6*h + 110. What is the greatest common divisor of h and g?
11
Let g(f) = 2*f**2 - 101*f + 243. Let p be g(59). What is the greatest common divisor of p and 28?
14
Suppose 67*y - 1352 = 1998. Calculate the highest common factor of 830 and y.
10
Let l(g) = -g**3 + 23*g + 105. Let i be l(-4). Calculate the highest common divisor of 39193 and i.
77
Let r = 4 - -5. Let l be (-4)/(-6)*(15/6 - -2). Suppose q + 57 = w + 2*w, -2*w + 45 = -l*q. Calculate the highest common factor of r and w.
9
Let h be (-166)/(-6)*-1 - 2/(-3). Let n be 12/(-54) + 156/h. Let z be (n - 0)*11*6/(-12). Calculate the greatest common divisor of z and 11.